{"id":1217,"date":"2016-11-22T23:35:39","date_gmt":"2016-11-22T23:35:39","guid":{"rendered":"https:\/\/unifocouniformes.com.br\/?page_id=1217"},"modified":"2017-01-20T12:26:31","modified_gmt":"2017-01-20T12:26:31","slug":"administracao-de-estoque","status":"publish","type":"page","link":"https:\/\/unifocouniformes.com.br\/index.php\/administracao-de-estoque\/","title":{"rendered":"Administra\u00e7\u00e3o de Estoque"},"content":{"rendered":"<p>N\u00e3o se preocupe em gerenciar o estoque dos seus uniformes. N\u00f3s fazemos isso para voc\u00ea!<\/p>\n<p>Minimizar os investimentos em estoque significa aumentar a rentabilidade da organiza\u00e7\u00e3o.<\/p>\n<p>Pensando nisso, a Prisma Work oferece o servi\u00e7o de Administra\u00e7\u00e3o de Estoque aos seus clientes. Este servi\u00e7o tem por objetivo fazer com que o cliente concentre os estoques de uniformes em nosso Centro de Distribui\u00e7\u00e3o.<\/p>\n<p>O gerenciamento do estoque atende com rapidez os pedidos de reposi\u00e7\u00e3o, de forma objetiva e segura, sem prejudicar o atendimento da demanda de uniformes.<\/p>\n<p>&nbsp;<\/p>\n<p>Veja os benef\u00edcios deste servi\u00e7o:<\/p>\n<p>&nbsp;<\/p>\n<ul>\n<li>Produtos entregue no local determinado.<\/li>\n<li>Entrega do pedido em m\u00e9dia de 3 dias ap\u00f3s a compra.<\/li>\n<li>Padroniza\u00e7\u00e3o dos produtos para todas as unidades de sua empresa.<\/li>\n<li>Permite gerenciamento por centro de custo.<\/li>\n<li>Otimiza\u00e7\u00e3o da rela\u00e7\u00e3o custo x benef\u00edcio \u2013 pre\u00e7os especiais pelo volume total do contrato.<\/li>\n<li>Redu\u00e7\u00e3o de custos, evitando imobiliza\u00e7\u00e3o de capital em estoque.<\/li>\n<li>Otimiza\u00e7\u00e3o do espa\u00e7o em sua empresa.<\/li>\n<\/ul>\n","protected":false},"excerpt":{"rendered":"<p>N\u00e3o se preocupe em gerenciar o estoque dos seus uniformes. N\u00f3s fazemos isso para voc\u00ea! Minimizar os investimentos em estoque significa aumentar a rentabilidade da organiza\u00e7\u00e3o. Pensando nisso, a Prisma Work oferece o servi\u00e7o de Administra\u00e7\u00e3o de Estoque aos seus clientes. Este servi\u00e7o tem por objetivo fazer com que o&#8230;<\/p>\n","protected":false},"author":2,"featured_media":0,"parent":0,"menu_order":0,"comment_status":"closed","ping_status":"closed","template":"","meta":{"om_disable_all_campaigns":false,"footnotes":""},"class_list":["post-1217","page","type-page","status-publish","hentry"],"yoast_head":"<!-- This site is optimized with the Yoast SEO plugin v27.3 - https:\/\/yoast.com\/product\/yoast-seo-wordpress\/ -->\n<title>Administra\u00e7\u00e3o de Estoque - Unifoco Uniformes Profissionais<\/title>\n<meta name=\"robots\" content=\"index, follow, max-snippet:-1, max-image-preview:large, max-video-preview:-1\" \/>\n<link rel=\"canonical\" href=\"https:\/\/unifocouniformes.com.br\/index.php\/administracao-de-estoque\/\" \/>\n<meta property=\"og:locale\" content=\"en_US\" \/>\n<meta property=\"og:type\" content=\"article\" \/>\n<meta property=\"og:title\" content=\"Administra\u00e7\u00e3o de Estoque - Unifoco Uniformes Profissionais\" \/>\n<meta property=\"og:description\" content=\"N\u00e3o se preocupe em gerenciar o estoque dos seus uniformes. N\u00f3s fazemos isso para voc\u00ea! Minimizar os investimentos em estoque significa aumentar a rentabilidade da organiza\u00e7\u00e3o. Pensando nisso, a Prisma Work oferece o servi\u00e7o de Administra\u00e7\u00e3o de Estoque aos seus clientes. Este servi\u00e7o tem por objetivo fazer com que o...\" \/>\n<meta property=\"og:url\" content=\"https:\/\/unifocouniformes.com.br\/index.php\/administracao-de-estoque\/\" \/>\n<meta property=\"og:site_name\" content=\"Unifoco Uniformes Profissionais\" \/>\n<meta property=\"article:modified_time\" content=\"2017-01-20T12:26:31+00:00\" \/>\n<meta name=\"twitter:card\" content=\"summary_large_image\" \/>\n<meta name=\"twitter:label1\" content=\"Est. reading time\" \/>\n\t<meta name=\"twitter:data1\" content=\"1 minute\" \/>\n<script type=\"application\/ld+json\" class=\"yoast-schema-graph\">{\"@context\":\"https:\\\/\\\/schema.org\",\"@graph\":[{\"@type\":\"WebPage\",\"@id\":\"https:\\\/\\\/unifocouniformes.com.br\\\/index.php\\\/administracao-de-estoque\\\/\",\"url\":\"https:\\\/\\\/unifocouniformes.com.br\\\/index.php\\\/administracao-de-estoque\\\/\",\"name\":\"Administra\u00e7\u00e3o de Estoque - Unifoco Uniformes Profissionais\",\"isPartOf\":{\"@id\":\"https:\\\/\\\/unifocouniformes.com.br\\\/#website\"},\"datePublished\":\"2016-11-22T23:35:39+00:00\",\"dateModified\":\"2017-01-20T12:26:31+00:00\",\"breadcrumb\":{\"@id\":\"https:\\\/\\\/unifocouniformes.com.br\\\/index.php\\\/administracao-de-estoque\\\/#breadcrumb\"},\"inLanguage\":\"en-US\",\"potentialAction\":[{\"@type\":\"ReadAction\",\"target\":[\"https:\\\/\\\/unifocouniformes.com.br\\\/index.php\\\/administracao-de-estoque\\\/\"]}]},{\"@type\":\"BreadcrumbList\",\"@id\":\"https:\\\/\\\/unifocouniformes.com.br\\\/index.php\\\/administracao-de-estoque\\\/#breadcrumb\",\"itemListElement\":[{\"@type\":\"ListItem\",\"position\":1,\"name\":\"Home\",\"item\":\"https:\\\/\\\/unifocouniformes.com.br\\\/\"},{\"@type\":\"ListItem\",\"position\":2,\"name\":\"Administra\u00e7\u00e3o de Estoque\"}]},{\"@type\":\"WebSite\",\"@id\":\"https:\\\/\\\/unifocouniformes.com.br\\\/#website\",\"url\":\"https:\\\/\\\/unifocouniformes.com.br\\\/\",\"name\":\"Unifoco Uniformes Profissionais\",\"description\":\" \",\"publisher\":{\"@id\":\"https:\\\/\\\/unifocouniformes.com.br\\\/#organization\"},\"potentialAction\":[{\"@type\":\"SearchAction\",\"target\":{\"@type\":\"EntryPoint\",\"urlTemplate\":\"https:\\\/\\\/unifocouniformes.com.br\\\/?s={search_term_string}\"},\"query-input\":{\"@type\":\"PropertyValueSpecification\",\"valueRequired\":true,\"valueName\":\"search_term_string\"}}],\"inLanguage\":\"en-US\"},{\"@type\":\"Organization\",\"@id\":\"https:\\\/\\\/unifocouniformes.com.br\\\/#organization\",\"name\":\"Unifoco Uniformes Profissionais\",\"url\":\"https:\\\/\\\/unifocouniformes.com.br\\\/\",\"logo\":{\"@type\":\"ImageObject\",\"inLanguage\":\"en-US\",\"@id\":\"https:\\\/\\\/unifocouniformes.com.br\\\/#\\\/schema\\\/logo\\\/image\\\/\",\"url\":\"https:\\\/\\\/unifocouniformes.com.br\\\/wp-content\\\/uploads\\\/2016\\\/11\\\/cropped-logo_site-1.png\",\"contentUrl\":\"https:\\\/\\\/unifocouniformes.com.br\\\/wp-content\\\/uploads\\\/2016\\\/11\\\/cropped-logo_site-1.png\",\"width\":240,\"height\":120,\"caption\":\"Unifoco Uniformes Profissionais\"},\"image\":{\"@id\":\"https:\\\/\\\/unifocouniformes.com.br\\\/#\\\/schema\\\/logo\\\/image\\\/\"}}]}<\/script>\n<!-- \/ Yoast SEO plugin. -->","yoast_head_json":{"title":"Administra\u00e7\u00e3o de Estoque - Unifoco Uniformes Profissionais","robots":{"index":"index","follow":"follow","max-snippet":"max-snippet:-1","max-image-preview":"max-image-preview:large","max-video-preview":"max-video-preview:-1"},"canonical":"https:\/\/unifocouniformes.com.br\/index.php\/administracao-de-estoque\/","og_locale":"en_US","og_type":"article","og_title":"Administra\u00e7\u00e3o de Estoque - Unifoco Uniformes Profissionais","og_description":"N\u00e3o se preocupe em gerenciar o estoque dos seus uniformes. N\u00f3s fazemos isso para voc\u00ea! Minimizar os investimentos em estoque significa aumentar a rentabilidade da organiza\u00e7\u00e3o. Pensando nisso, a Prisma Work oferece o servi\u00e7o de Administra\u00e7\u00e3o de Estoque aos seus clientes. Este servi\u00e7o tem por objetivo fazer com que o...","og_url":"https:\/\/unifocouniformes.com.br\/index.php\/administracao-de-estoque\/","og_site_name":"Unifoco Uniformes Profissionais","article_modified_time":"2017-01-20T12:26:31+00:00","twitter_card":"summary_large_image","twitter_misc":{"Est. reading time":"1 minute"},"schema":{"@context":"https:\/\/schema.org","@graph":[{"@type":"WebPage","@id":"https:\/\/unifocouniformes.com.br\/index.php\/administracao-de-estoque\/","url":"https:\/\/unifocouniformes.com.br\/index.php\/administracao-de-estoque\/","name":"Administra\u00e7\u00e3o de Estoque - Unifoco Uniformes Profissionais","isPartOf":{"@id":"https:\/\/unifocouniformes.com.br\/#website"},"datePublished":"2016-11-22T23:35:39+00:00","dateModified":"2017-01-20T12:26:31+00:00","breadcrumb":{"@id":"https:\/\/unifocouniformes.com.br\/index.php\/administracao-de-estoque\/#breadcrumb"},"inLanguage":"en-US","potentialAction":[{"@type":"ReadAction","target":["https:\/\/unifocouniformes.com.br\/index.php\/administracao-de-estoque\/"]}]},{"@type":"BreadcrumbList","@id":"https:\/\/unifocouniformes.com.br\/index.php\/administracao-de-estoque\/#breadcrumb","itemListElement":[{"@type":"ListItem","position":1,"name":"Home","item":"https:\/\/unifocouniformes.com.br\/"},{"@type":"ListItem","position":2,"name":"Administra\u00e7\u00e3o de Estoque"}]},{"@type":"WebSite","@id":"https:\/\/unifocouniformes.com.br\/#website","url":"https:\/\/unifocouniformes.com.br\/","name":"Unifoco Uniformes Profissionais","description":" ","publisher":{"@id":"https:\/\/unifocouniformes.com.br\/#organization"},"potentialAction":[{"@type":"SearchAction","target":{"@type":"EntryPoint","urlTemplate":"https:\/\/unifocouniformes.com.br\/?s={search_term_string}"},"query-input":{"@type":"PropertyValueSpecification","valueRequired":true,"valueName":"search_term_string"}}],"inLanguage":"en-US"},{"@type":"Organization","@id":"https:\/\/unifocouniformes.com.br\/#organization","name":"Unifoco Uniformes Profissionais","url":"https:\/\/unifocouniformes.com.br\/","logo":{"@type":"ImageObject","inLanguage":"en-US","@id":"https:\/\/unifocouniformes.com.br\/#\/schema\/logo\/image\/","url":"https:\/\/unifocouniformes.com.br\/wp-content\/uploads\/2016\/11\/cropped-logo_site-1.png","contentUrl":"https:\/\/unifocouniformes.com.br\/wp-content\/uploads\/2016\/11\/cropped-logo_site-1.png","width":240,"height":120,"caption":"Unifoco Uniformes Profissionais"},"image":{"@id":"https:\/\/unifocouniformes.com.br\/#\/schema\/logo\/image\/"}}]}},"jetpack_sharing_enabled":true,"_links":{"self":[{"href":"https:\/\/unifocouniformes.com.br\/index.php\/wp-json\/wp\/v2\/pages\/1217","targetHints":{"allow":["GET"]}}],"collection":[{"href":"https:\/\/unifocouniformes.com.br\/index.php\/wp-json\/wp\/v2\/pages"}],"about":[{"href":"https:\/\/unifocouniformes.com.br\/index.php\/wp-json\/wp\/v2\/types\/page"}],"author":[{"embeddable":true,"href":"https:\/\/unifocouniformes.com.br\/index.php\/wp-json\/wp\/v2\/users\/2"}],"replies":[{"embeddable":true,"href":"https:\/\/unifocouniformes.com.br\/index.php\/wp-json\/wp\/v2\/comments?post=1217"}],"version-history":[{"count":2,"href":"https:\/\/unifocouniformes.com.br\/index.php\/wp-json\/wp\/v2\/pages\/1217\/revisions"}],"predecessor-version":[{"id":1221,"href":"https:\/\/unifocouniformes.com.br\/index.php\/wp-json\/wp\/v2\/pages\/1217\/revisions\/1221"}],"wp:attachment":[{"href":"https:\/\/unifocouniformes.com.br\/index.php\/wp-json\/wp\/v2\/media?parent=1217"}],"curies":[{"name":"wp","href":"https:\/\/api.w.org\/{rel}","templated":true}]}}